5). Is k(b) prime?
False
Suppose 0 = 26*y - 6150 + 17564. Let i = -165 - y. Is i a composite number?
True
Suppose 9*x - 6667110 = -18*x. Suppose 7*p - x + 90529 = 0. Is p a prime number?
True
Let r = -13604 + 47367. Is r a composite number?
True
Suppose w = 1, 3*w = 231*z - 230*z - 10710. Is z a composite number?
True
Suppose -k - 2 + 4 = 3*b, 3*k - 14 = -b. Let j be 2/((-5 - b)/(-56)). Is 12/j - ((-19560)/28 - 2) a composite number?
False
Let b(l) = -1 - 2 + 161*l + 4 - 162*l. Let m be b(-1). Is (2/3)/(m - 88160/44085) composite?
False
Suppose -4*i + 5*b = -77, -5*b = -5*i - 8*b + 124. Suppose 2*a - 3*l = 16115, 25*l = -4*a + i*l + 32206. Is a prime?
True
Let o(s) = -873*s**2 - 9*s - 5. Let d(l) = 1747*l**2 + 19*l + 11. Let m(i) = -6*d(i) - 13*o(i). Let p be (-2)/((-4)/1)*2. Is m(p) a prime number?
False
Let g(l) = 250*l + 249*l - 498*l + 2540*l**2. Is g(-1) a prime number?
True
Suppose 1899*s - 1907*s + 342232 = 0. Is s a composite number?
True
Let j = -160 - -163. Suppose p + 10702 = -4*q + 32781, -j*q + 16563 = 2*p. Is q a prime number?
True
Suppose 345*z - 71390591 - 170906704 = 0. Is z a composite number?
False
Suppose -i - 10 = -5*u - 3, 2*i = -4*u + 14. Suppose -2*m + i*l = -12371, -5*l = 4*m + 5385 - 30094. Let a = m + -3272. Is a a composite number?
False
Let w be 0 - ((-632)/16 - 1/2). Let s = 54 - w. Suppose -s*z + 9*z + 775 = 0. Is z prime?
False
Let u be 1/(-4)*181 + (-1)/(-4). Let k be 4/(-10) + 72/u - -5. Suppose 2 = -k*n + 95. Is n composite?
False
Suppose 5*z - 5 = 20. Suppose 2479 = z*m + 4*w, -2*m - w + 978 = 4*w. Is m prime?
True
Let n = -4578 + 1847. Let x = -1854 - n. Is x a prime number?
True
Is (363 + 10)*(436 + 13) a prime number?
False
Let i be (48 - (-2 - 6)) + 3. Suppose -2*g = -5*g + 546. Let t = g - i. Is t a composite number?
True
Let a = 153 + 879. Suppose 10 = 2*w, 0 = 3*d - w - 3406 + a. Is d a composite number?
True
Suppose 11*s - 15 = 8*s. Suppose 4*l = 4*j + 899 + 361, -2*l - 3*j = -625. Is (l/(-5))/((-1)/s) composite?
True
Let t(x) = -24802*x - 519. Is t(-10) a prime number?
True
Suppose 59*n + 639817 = 198*n. Is n composite?
False
Suppose r - 659058 = -y, 3*y + 529*r - 1977167 = 533*r. Is y composite?
True
Is (84/60)/((-4)/(-5660)) composite?
True
Is (133936/(-96) + 10)*(-8 + 2) a composite number?
False
Suppose -25*z + 3361114 + 582361 = 0. Is z a composite number?
False
Let k be -3 + (-6)/(6/2). Let x = -498 - -514. Let i = x - k. Is i composite?
True
Let c = 4200 - 6397. Let u = 845 - 1309. Let w = u - c. Is w a prime number?
True
Let f = -2479 + 1576. Let v = f + 1414. Is v composite?
True
Let p = 2277 + 1281. Suppose -939 - 573 = -3*i. Suppose i = -6*v + p. Is v a prime number?
True
Suppose 5*x + 4839 = -2966. Let o be -9 - ((-2233 - 1) + -3). Let q = x + o. Is q prime?
False
Suppose 0 = -2*l - 2*o + 13962, -l + 2*o = -164 - 6826. Suppose 14*q - l = -1258. Is q a prime number?
True
Let b(u) = 3*u - 1. Let j be b(1). Suppose -z = -j*d + 33, 3*d - 17 = -3*z - 2*z. Is (-21)/d - -1 - (-574)/4 prime?
False
Suppose 12*i - 31 = 5. Let s(a) = 61*a**2 - 6*a + 22. Is s(i) a composite number?
True
Let l = -9741 - -42380. Is l prime?
False
Suppose -13*f + 18*f = -51690. Is f/(-4) + 35/(-10) composite?
True
Suppose 4*y = 2*n - 126, 4*y = n + 4*n - 129. Is 0/(-3) + (490 - y) prime?
True
Let p = -1996 - -6397. Suppose 0 = 5*u - 8*u + p. Suppose u = 3*r - 2*v, 0 = r - v - v - 485. Is r a composite number?
False
Let w be (-11)/(((-2)/136)/1). Let x = -3237 + 3406. Let m = w + x. Is m a prime number?
False
Suppose -3*h + 147664 = 13*h. Suppose 8*n = 9339 + h. Is n prime?
False
Let t(v) = -9*v**2 - 6*v - 5. Let u be t(-4). Let n = u + 137. Suppose 7*d + 1585 = n*d. Is d prime?
True
Suppose 0 = -2*s - 5*r - 6, 0*s + s - 2 = -5*r. Let v be (-24)/(-32) + (-18)/s. Let q(i) = 113*i**3 - 8*i**2 + 4*i. Is q(v) prime?
False
Let q = -21 + 9. Let t be q/(-30)*(2 - -26608). Is t/18*(-9)/(-6) a prime number?
True
Suppose 29*w - 7273432 = -203*w. Is w prime?
False
Suppose 10*u - 1496769 - 657211 = 733810. Is u prime?
False
Let o(u) = 3*u - 114. Let m be o(36). Let l(y) = -15*y - 3. Is l(m) a composite number?
True
Is ((-8775)/182 + 12/(-42))*12244/(-2) a composite number?
True
Let l(w) = -1523*w - 7. Let y(r) = r**2 + 8*r - 23. Let o be y(-10). Is l(o) prime?
False
Suppose 106*h = -o + 107*h + 177905, h = -3. Is o a prime number?
False
Suppose 6*l = 35*l - 122322. Let y = -2269 + l. Is y a composite number?
False
Let k(t) be the third derivative of 0 + 11/15*t**5 - 19*t**2 - 3*t**3 - 1/24*t**4 + 0*t. Is k(-5) composite?
False
Let f(l) = 1 - 5*l + 12*l + 3*l**2 - l. Let q be f(-5). Suppose q = 4*y - 550. Is y a composite number?
False
Is 134601/((2 - (-2)/(-4))/1) a composite number?
True
Let i = -3 - -5. Suppose 0 = -i*o - 0 - 10. Is (6/9)/(o/(-4395)) + 1 a composite number?
False
Let i(l) = -1891*l**2 - 4*l - 5. Let u be i(-2). Let g = u - -3019. Let w = -1603 - g. Is w prime?
True
Let i be (3/6)/(9/(-12) + 1). Suppose 0 = -2*w - 3*m - 8, -m = -3*w - i*m + 2. Is ((-3)/w)/((-3)/2098)*1 a prime number?
True
Let s(v) = -180*v**2 - 3*v + 7. Let k(h) = -90*h**2 - 2*h + 3. Let n(z) = -5*k(z) + 2*s(z). Is n(-4) composite?
False
Let g(t) = -14*t + 46. Let n be g(3). Suppose n*z = 10174 - 1862. Is z prime?
False
Suppose 5*c - 2161108 = 2235027. Is c prime?
True
Let s(k) = 2*k**3 + 7*k**2 + 10*k - 9. Let z be s(-6). Let y = -131 - z. Is y a composite number?
True
Is 16 - 1 - (96 - 56938) a composite number?
False
Let y = 95 - 93. Suppose -2286 = 5*w - 4*t, 2*t - 4*t = -y*w - 916. Let v = -35 - w. Is v a composite number?
False
Let g = 23 - 16. Suppose g*b - 4*b - 5004 = 0. Suppose -7*h = -b - 565. Is h composite?
True
Let s = 53714 + -35962. Suppose -5*w - 2*l + 22190 = 0, 4*w - 3*l + 8*l - s = 0. Suppose -w = -5*u + a - 0*a, u - 5*a - 902 = 0. Is u a composite number?
False
Suppose -6*f + 2271958 = -4*w, -1514652 = 2*f - 6*f - 4*w. Is f a composite number?
False
Suppose l - 83 + 1 = 0. Let z = l + -71. Suppose 4*t - z*t = -455. Is t a prime number?
False
Let t be 1/((-1)/8*-2). Let f = 2269 + -995. Suppose t*p - 1384 = -a, -4*p + 130 + f = -4*a. Is p a composite number?
False
Let n be (-19290)/18 + (-12)/(-18). Let v = -418 - n. Is v prime?
True
Let b(i) = -5422*i + 1059. Is b(-37) a prime number?
True
Let c(r) = 280*r + 510. Let x(g) = -70*g - 127. Let f(l) = -2*c(l) - 9*x(l). Is f(23) prime?
True
Let i = -356 + 360. Suppose -5*w = i*b - 4365, -6*w + 4*w = 2*b - 1744. Is w a prime number?
True
Let s be (-202)/(-22) - 4/22. Suppose -5*r = b + s, b - 4*r - 15 = -r. Is ((-30)/(-9))/(b/3681) prime?
False
Let v(q) = 2*q**3 + q**2 - 2*q - 2. Suppose 2*w - 5*f = -2, 0*f + 4*f = 0. Let p be v(w). Is 1672/3 + ((-28)/21 - p) prime?
True
Let i(v) = v**2 + 4*v - 40. Let b be i(-9). Suppose -b*w + 3104 = -371. Suppose 2*x = w + 479. Is x prime?
True
Let n(m) = m**2 + 38*m - 105081. Let x be n(0). Is (-4)/(-3) + x/(-9) a composite number?
False
Let o(t) be the first derivative of -667*t**2/2 - 262*t + 6. Is o(-25) a composite number?
True
Let h = 192889 - 92112. Is h a prime number?
False
Suppose 0 = -6*n - 36 - 1188. Let k = 353 + n. Is k prime?
True
Is (-1)/((-1)/4) - 28/(252/(-6865587)) prime?
True
Let a(x) = x**3 + x**2 + 1. Let o(v) = 7*v**3 - 4*v**2 + 14*v - 52. Let h(u) = -6*a(u) + o(u). Is h(17) composite?
False
Suppose -66*g + 42 = -73*g. Is 2818 - (-3 + g + 8) composite?
False
Suppose n = 12 - 1. Let t(z) = 557*z - 37. Let f be t(n). Suppose 9*y - f = -1653. Is y a composite number?
True
Let q(r) = -r**2 - 6*r - 6. Let m = 52 - 55. Let l be q(m). Suppose 2*f = -l*n + 987, -5*f = -2*n - f + 674. Is n prime?
True
Let j(w) = -11 - 6*w + 13 + 9*w**2 + 12. Let g be j(7). Suppose 0 = -5*a - 2*b + 40 + g, 0 = -2*a + 4*b + 162. Is a prime?
True
Let z = -75801 - -192770. Is z a prime number?
True
Let f = -67146 - -101357. Is f a composite number?
False
Let v = 917 - 1381. Let a = v - -995. Suppose -x = -4*x + a. Is x a composite number?
True
Let n(s) = -s**3 + 18*s**2 - 20*s + 29. Let d be n(16). Let i = 3240 - d. Is i prime?
True
Let d = -49127 - -114918. Is d prime?
False
Suppose 0 = -4*t - 2*u + 11522, -486 - 11041 = -4*t + 3*u. Let c = 4158 - t. Is c composite?
False
Let a(g) = 2*g**3 - 8*g**2 + 6*g - 21. Let k be a(4). Suppose -5*p + 2465 =